s the units digit of 4265?
5
What is the thousands digit of 121711?
1
What is the units digit of 793?
3
What is the units digit of 37542?
2
What is the hundreds digit of 5447?
4
What is the thousands digit of 1636?
1
What is the tens digit of 6822?
2
What is the hundreds digit of 171?
1
What is the hundreds digit of 1898?
8
What is the thousands digit of 14911?
4
What is the tens digit of 85739?
3
What is the hundreds digit of 4083?
0
What is the tens digit of 975?
7
What is the units digit of 13?
3
What is the tens digit of 61362?
6
What is the ten thousands digit of 34084?
3
What is the tens digit of 11154?
5
What is the ten thousands digit of 81208?
8
What is the tens digit of 11468?
6
What is the hundreds digit of 371?
3
What is the units digit of 3388?
8
What is the tens digit of 20692?
9
What is the thousands digit of 25450?
5
What is the units digit of 110?
0
What is the thousands digit of 44364?
4
What is the tens digit of 108203?
0
What is the units digit of 2306?
6
What is the thousands digit of 47479?
7
What is the hundreds digit of 5447?
4
What is the thousands digit of 52007?
2
What is the tens digit of 7049?
4
What is the units digit of 484?
4
What is the hundreds digit of 1287?
2
What is the tens digit of 82629?
2
What is the units digit of 509?
9
What is the units digit of 12270?
0
What is the ten thousands digit of 11150?
1
What is the ten thousands digit of 41224?
4
What is the tens digit of 585?
8
What is the hundreds digit of 340?
3
What is the ten thousands digit of 12136?
1
What is the thousands digit of 4135?
4
What is the units digit of 8392?
2
What is the tens digit of 18840?
4
What is the tens digit of 764?
6
What is the units digit of 5973?
3
What is the hundreds digit of 22577?
5
What is the thousands digit of 11709?
1
What is the hundreds digit of 21620?
6
What is the thousands digit of 38191?
8
What is the thousands digit of 2910?
2
What is the tens digit of 116237?
3
What is the tens digit of 19456?
5
What is the hundreds digit of 110?
1
What is the hundreds digit of 2760?
7
What is the units digit of 869?
9
What is the tens digit of 771?
7
What is the hundreds digit of 478?
4
What is the hundreds digit of 4816?
8
What is the tens digit of 7655?
5
What is the tens digit of 1120?
2
What is the units digit of 1099?
9
What is the units digit of 2052?
2
What is the hundreds digit of 2249?
2
What is the tens digit of 1449?
4
What is the thousands digit of 12304?
2
What is the thousands digit of 45733?
5
What is the tens digit of 1605?
0
What is the units digit of 789?
9
What is the ten thousands digit of 11502?
1
What is the hundreds digit of 379?
3
What is the tens digit of 16958?
5
What is the tens digit of 3998?
9
What is the tens digit of 257?
5
What is the tens digit of 3144?
4
What is the tens digit of 24467?
6
What is the units digit of 3463?
3
What is the units digit of 15072?
2
What is the hundreds digit of 89129?
1
What is the tens digit of 371?
7
What is the thousands digit of 28345?
8
What is the hundreds digit of 7032?
0
What is the hundreds digit of 1630?
6
What is the tens digit of 157?
5
What is the units digit of 1146?
6
What is the thousands digit of 1066?
1
What is the tens digit of 7946?
4
What is the hundreds digit of 1717?
7
What is the thousands digit of 47319?
7
What is the hundreds digit of 9703?
7
What is the hundreds digit of 415?
4
What is the hundreds digit of 1327?
3
What is the hundreds digit of 8701?
7
What is the hundreds digit of 4929?
9
What is the hundreds digit of 15837?
8
What is the tens digit of 16851?
5
What is the hundreds digit of 8611?
6
What is the hundreds digit of 5911?
9
What is the units digit of 1779?
9
What is the hundreds digit of 982?
9
What is the hundreds digit of 5277?
2
What is the tens digit of 9414?
1
What is the units digit of 9032?
2
What is the units digit of 198?
8
What is the units digit of 1948?
8
What is the hundreds digit of 12721?
7
What is the ten thousands digit of 110442?
1
What is the units digit of 263?
3
What is the tens digit of 82277?
7
What is the thousands digit of 5109?
5
What is the tens digit of 12162?
6
What is the hundreds digit of 17946?
9
What is the hundreds digit of 3874?
8
What is the units digit of 1954?
4
What is the units digit of 117697?
7
What is the tens digit of 7643?
4
What is the units digit of 2266?
6
What is the tens digit of 38119?
1
What is the thousands digit of 4883?
4
What is the tens digit of 42197?
9
What is the hundreds digit of 1924?
9
What is the tens digit of 3000?
0
What is the units digit of 13147?
7
What is the units digit of 1037?
7
What is the tens digit of 4534?
3
What is the units digit of 8390?
0
What is the hundreds digit of 4110?
1
What is the thousands digit of 11807?
1
What is the units digit of 966?
6
What is the tens digit of 21510?
1
What is the units digit of 4043?
3
What is the hundreds digit of 12407?
4
What is the thousands digit of 3154?
3
What is the units digit of 3338?
8
What is the tens digit of 1301?
0
What is the tens digit of 20478?
7
What is the tens digit of 102?
0
What is the hundreds digit of 1803?
8
What is the hundreds digit of 10573?
5
What is the units digit of 2122?
2
What is the thousands digit of 3152?
3
What is the units digit of 28843?
3
What is the thousands digit of 18614?
8
What is the hundreds digit of 1377?
3
What is the hundreds digit of 20985?
9
What is the hundreds digit of 763?
7
What is the tens digit of 925?
2
What is the units digit of 1082?
2
What is the hundreds digit of 25165?
1
What is the thousands digit of 2136?
2
What is the thousands digit of 6817?
6
What is the tens digit of 5636?
3
What is the thousands digit of 2437?
2
What is the units digit of 866?
6
What is the hundreds digit of 501?
5
What is the units digit of 1245?
5
What is the units digit of 240?
0
What is the thousands digit of 2518?
2
What is the hundreds digit of 40741?
7
What is the hundreds digit of 3573?
5
What is the units digit of 3152?
2
What is the thousands digit of 1836?
1
What is the thousands digit of 14739?
4
What is the hundreds digit of 741?
7
What is the units digit of 2015?
5
What is the hundreds digit of 13626?
6
What is the thousands digit of 2530?
2
What is the hundreds digit of 4019?
0
What is the tens digit of 5201?
0
What is the units digit of 6198?
8
What is the tens digit of 58834?
3
What is the tens digit of 7516?
1
What is the tens digit of 980?
8
What is the thousands digit of 3034?
3
What is the tens digit of 1592?
9
What is the tens digit of 1089?
8
What is the hundreds digit of 25524?
5
What is the tens digit of 6239?
3
What is the ten thousands digit of 46802?
4
What is the units digit of 1378?
8
What is the hundreds digit of 17931?
9
What is the units digit of 1709?
9
What is the tens digit of 7582?
8
What is the units digit of 46944?
4
What is the ten thousands digit of 32791?
3
What is the units digit of 38756?
6
What is the tens digit of 6753?
5
What is the thousands digit of 4049?
4
What is the tens digit of 19533?
3
What is the hundreds digit of 14447?
4
What is the tens digit of 6410?
1
What is the tens digit of 71?
7
What is the tens digit of 23407?
0
What is the tens digit of 272?
7
What is the ten thousands digit of 11793?
1
What is the units digit of 727?
7
What is the units digit of 335?
5
What is the hundreds digit of 435?
4
What is the units digit of 1734?
4
What is the tens digit of 811?
1
What is the thousands digit of 10866?
0
What is the hundreds digit of 3502?
5
What is the hundreds digit of 20021?
0
What is the tens digit of 34563?
6
What is the units digit of 2740?
0
What is the units digit of 399?
9
What is the units digit of 235?
5
What is the thousands digit of 11789?
1
What is the hundreds digit of 9357?
3
What is the units digit of 28?
8
What is the ten thousands digit of 12291?
1
What is the tens digit of 425?
2
What is the ten thousands digit of 24604?
2
What is the hundreds digit of 7874?
8
What is the tens digit of 5517?
1
What is the thousands digit of 5660?
5
What is the ten thousands digit of 37356?
3
What is the hundreds digit of 10029?
0
What is the hundreds digit of 63623?
6
What is the units digit of 18?
8
What is the thousands digit of 1448?
1
What is the hundreds digit of 980?
9
What is the hundreds digit of 210?
